*l + 127 = -3*g, -l = 3*g - 35 - 51. Calculate the remainder when l is divided by w(-2).
23
Let t(y) = -216*y + 111. Calculate the remainder when t(-3) is divided by 21.
3
Let m = 249 - 232. Suppose 268*t + 216 = 276*t. What is the remainder when t is divided by m?
10
Let p = -2436 - -2526. What is the remainder when 252 is divided by p?
72
Suppose -13*v - 719 = 308. Let b = -74 - v. Suppose b*j - 20 = 105. Calculate the remainder when 72 is divided by j.
22
Suppose -21 = -15*j - 6*j. Suppose -c - 231 = -2*q, -5 = 2*c + j. What is the remainder when q is divided by 29?
27
Let y(k) = k**2 + 7*k - 14. Let m = 268 + -284. What is the remainder when m/2 + (40 - -109) is divided by y(-10)?
13
Let k = 6752 - 5891. Calculate the remainder when 873 is divided by k.
12
Let g be (-42 - 1)/(-1 + 0). Suppose g*l = 42*l. Suppose l = 3*j + 10 - 301. Calculate the remainder when j is divided by 33.
31
Suppose 0 = 5*s + 5*q - 850, 0 = -5*s + 2*q + 734 + 123. Let c = s + -24. What is the remainder when c is divided by 38?
33
Let m(u) = u - 4. Suppose 0 = -26*n + 6*n + 240. What is the remainder when 10 is divided by m(n)?
2
Let n be 4/(-48)*-3 + 55/20. Suppose 0 = 2*f - 4*p, -p - 8 + 1 = n*f. Calculate the remainder when ((-63)/f)/((-2)/(-8)) is divided by 33.
27
Let x(m) = 4*m**3 - 2*m**2 + 71*m - 364. Calculate the remainder when x(6) is divided by 148.
114
Suppose 87 = -3*w - 297. Let t = w + 139. Suppose -t*o - 8 = -63. What is the remainder when 12 is divided by o?
2
Suppose 3*p - 2*p = 2. Suppose -2*o - 5*h = -255, 3*o - 3*h = 8*o - 628. Suppose 5*i = 10, -p*i = 3*v + 2*i - o. What is the remainder when 114 is divided by v?
36
Suppose 39*l + 635 = -301. Calculate the remainder when 614 is divided by 2/((l/308)/(-3)).
75
Calculate the remainder when (5 - (1692/(-1584) + (-4)/22))*296 is divided by 184.
10
Suppose 5*m - 1661 = -1971. Let r = m + 74. Calculate the remainder when 34 is divided by r.
10
Suppose 80*q = 10865 + 3775. Calculate the remainder when q is divided by 57.
12
Let x(y) = 4*y**3 - 2*y**2 - 37*y + 89. What is the remainder when x(7) is divided by 62?
50
Let p = 2490 - 3870. Let b be 4/(-16) + p/(-16). Suppose 7*k - b = -16. Calculate the remainder when k is divided by 6.
4
Suppose -41*r = 19*r - 1260. Let u(m) = m**3 + 41. Calculate the remainder when u(0) is divided by r.
20
Let z = -1 + 8. Let y(a) = 11*a + 14. Let m(o) = o**3 + 12*o**2 - 46*o - 12. Let f be m(-15). What is the remainder when y(f) is divided by z?
5
Suppose -1688 - 551 = -15*m + 791. What is the remainder when 733 is divided by m?
127
Suppose 0 = 3*f - 5*o, 3*f + 3*o = f. Let m = -29 + 39. What is the remainder when 570/10 - (-1 - (0 + f)) is divided by m?
8
Let q(n) = 18*n**2 - 860*n - 34. What is the remainder when 512 is divided by q(48)?
38
Let p be 3/(-15) + 1/5. Suppose -11*n + 12*n - 40 = p. Suppose -2*l = -5*o - n, 3*o - 17 = -2*l + 7. What is the remainder when 44 is divided by l?
14
Let t = -1437 + 1697. Let z = -26 - -38. What is the remainder when t is divided by z?
8
Suppose -p + 84 = -3*q + 31, 3*p = -4*q - 88. Let o(f) = -f**2 - 34*f - 220. Calculate the remainder when 258 is divided by o(q).
63
Suppose q = -c + 215, 0*q - 4*c - 852 = -4*q. Let b = q - 172. What is the remainder when 203 is divided by b?
35
Suppose -1794 + 6816 = 62*b. Calculate the remainder when 247 is divided by b.
4
Suppose 12*g = 115 - 67. Suppose -2*s - 188 = -g*s. Calculate the remainder when s is divided by 30.
4
Suppose 5*i = 32 + 33. Suppose 1208 = -34*g + 26*g. Let n = g - -186. What is the remainder when n is divided by i?
9
Suppose -56744 + 6044 = -30*t. What is the remainder when t is divided by 76?
18
Suppose 5285 = 8*i - 1571. Let u = i - 837. Calculate the remainder when 958 is divided by u.
18
Suppose 0 = 2*l + 5*z - 146, -76 = 5*l - z - 495. Suppose -s + 23 = 5*c, c - 2*s - 4 = 5. Calculate the remainder when l is divided by c.
3
Let c = -186 + 393. Let i = c - 160. Calculate the remainder when 54 is divided by i.
7
Let m = 47408 + -47276. Calculate the remainder when m is divided by (48/9 - 2)*21.
62
Let m = -7 + 11. Suppose -17*d + 19*d = 1220. Suppose -f + 2*i + 202 = 4*i, 3*f + m*i = d. Calculate the remainder when f is divided by 13.
11
Let j(m) = 26*m**2 + 20*m + 140. Calculate the remainder when j(-5) is divided by 61.
19
Let f(b) = -3*b + 56. Let i be f(17). Suppose -i*m = m - 618. What is the remainder when m is divided by 5/(15/(-21))*-3?
19
Let r = 9852 + -9844. What is the remainder when 3/12 + 406/8 is divided by r?
3
Suppose 10*a - 137 = 53. Suppose k - a = -i, -2*i + 0*i + 35 = 5*k. Calculate the remainder when (0 + 329)*10/35 is divided by i.
14
Suppose -128*z = -119*z - 360. Suppose 221 = 3*w + 1439. Calculate the remainder when (-1 + -5)/(21/w) is divided by z.
36
What is the remainder when (6/4 - 0)*(-976)/(-6) is divided by 3?
1
Suppose 1219 = -8298*k + 8351*k. What is the remainder when (-350)/(-4) - (-2)/(-4) is divided by k?
18
Suppose -111 = -4*s - 43. Suppose -22*r - a + 24 = -17*r, 3*r - 5*a = -8. What is the remainder when (1/1)/(1/s) is divided by r?
1
Let d(z) = 25*z + 11. Let v be d(-5). Let k be 1*33/((-164)/44 + 4). Let h = v + k. Calculate the remainder when 21 is divided by h.
0
Let w = -55 + 113. Let l = 60 - w. Let y = 22 - l. Calculate the remainder when y is divided by 8.
4
Suppose -4*s + 694 = -642. Let q = -4165 - -4177. Calculate the remainder when s is divided by q.
10
Let g(k) = k**3 - 19*k**2 + 54*k + 11. Let t be (20/(-50))/(1 - 123/120). Calculate the remainder when g(t) is divided by 36.
35
Let p be (-1262)/(-28) + (-25)/350. Suppose 3*o + d = 25, 24*o - 3*d = 21*o + p. Let r(l) = -7*l + 2. Calculate the remainder when r(-6) is divided by o.
4
Let k(u) = 3*u + 28. Let x be k(-18). Let s = x + 29. Suppose 0 = -0*o + s*o - 216. Calculate the remainder when o is divided by 37.
35
Suppose 793*c = 5*d + 795*c - 368, -5*d + 362 = 3*c. What is the remainder when 698 is divided by d?
14
Let n be (-9084)/(-18) + 8/(-12). Suppose -43*z + 47*z = -n. Let o = -101 - z. Calculate the remainder when 36 is divided by o.
11
What is the remainder when 42 is divided by (-19)/((-114)/148) - 2/3?
18
Suppose -2*v + 2 + 230 = 0. What is the remainder when 229 is divided by v?
113
Suppose 0 = 3*r - 4*u - 26, 11*u - 15*u - 56 = -8*r. Calculate the remainder when 924 is divided by r.
0
Suppose -4*i = d - 271, 0*d = 4*d - 4*i - 1044. Let n = -148 + d. Let l = 50 - 37. Calculate the remainder when n is divided by l.
11
Let z(j) = -j**2 - 65*j - 776. Let d = 148 + -88. What is the remainder when d is divided by z(-49)?
4
Let y = 34 + -16. Suppose -8*t - t + y = 0. Suppose t*b - 46 = -22. Calculate the remainder when 59 is divided by b.
11
Suppose 10*k = -1080 + 8770. What is the remainder when 2330 is divided by k?
23
Let x(r) = -35*r + 10. Calculate the remainder when x(-5) is divided by (-1)/((-9)/12)*(-660)/(-88).
5
Let f(k) = -17*k + 1517. Calculate the remainder when f(81) is divided by 47.
46
Let c(m) = 8*m**2 + 5*m + 8. Let p(f) = -f + 1. Let w(v) = c(v) - p(v). What is the remainder when 363 is divided by w(-3)?
58
Calculate the remainder when (-12)/10 + (-1051780)/(-2150) is divided by 43.
15
Let m = 50 - 34. Let q be (-6945)/75 + 4/(-10). Let k = q - -139. What is the remainder when k is divided by m?
14
Let v be 1 - (0 + 1 - 4). Suppose -v*l = -223 - 433. What is the remainder when l is divided by (-1508)/(-36) - (-4 - -7)/(-27)?
38
Suppose -4*f + 3*q - 5 = 0, f = 3*q - 7*q + 13. Let m(w) = 4*w**2 + w**2 - 8*w**2 + 34*w + 0*w**2 + f. Calculate the remainder when 59 is divided by m(11).
11
Let s(o) = 2*o + 25. Let l be s(-12). Calculate the remainder when (44/8)/(l/10*1) is divided by 18.
1
Let p = 2624 - 2611. Calculate the remainder when 4402 is divided by p.
8
Let p(s) = 2*s**3 + 71*s**2 + 31*s - 56. Let h be p(-35). Suppose z - 17*n - 54 = -12*n, h = z + 5*n. What is the remainder when 206 is divided by z?
68
Suppose 4*g - 129 = -3*v, v = -5*g + 195 - 31. What is the remainder when ((-276)/(-18))/((-1143)/(-254)*1/27) is divided by g?
26
Let n(f) be the second derivative of -f**5/20 + 7*f**4/12 - 5*f**3/3 + 13*f**2/2 + 69*f. Calculate the remainder when 34 is divided by n(5).
8
Suppose 763 = 13*q + 113. Calculate the remainder when 1